he thousands digit of 21348?
1
What is the hundreds digit of 18573?
5
What is the tens digit of 947?
4
What is the thousands digit of 1312?
1
What is the units digit of 4589?
9
What is the tens digit of 892?
9
What is the tens digit of 995?
9
What is the thousands digit of 2451?
2
What is the units digit of 1444?
4
What is the thousands digit of 90605?
0
What is the hundreds digit of 150?
1
What is the units digit of 1002?
2
What is the tens digit of 7048?
4
What is the units digit of 25612?
2
What is the units digit of 35089?
9
What is the tens digit of 274?
7
What is the thousands digit of 1629?
1
What is the thousands digit of 1690?
1
What is the hundreds digit of 55746?
7
What is the hundreds digit of 4283?
2
What is the units digit of 1810?
0
What is the thousands digit of 99974?
9
What is the hundreds digit of 9250?
2
What is the thousands digit of 1447?
1
What is the units digit of 296?
6
What is the thousands digit of 2084?
2
What is the tens digit of 48224?
2
What is the ten thousands digit of 13395?
1
What is the hundreds digit of 50980?
9
What is the thousands digit of 15892?
5
What is the hundreds digit of 12122?
1
What is the units digit of 917?
7
What is the tens digit of 98610?
1
What is the tens digit of 17247?
4
What is the tens digit of 83888?
8
What is the tens digit of 7780?
8
What is the units digit of 707?
7
What is the thousands digit of 43063?
3
What is the hundreds digit of 643?
6
What is the thousands digit of 5673?
5
What is the tens digit of 687?
8
What is the tens digit of 7596?
9
What is the thousands digit of 1470?
1
What is the hundreds digit of 6384?
3
What is the units digit of 1727?
7
What is the tens digit of 83087?
8
What is the hundreds digit of 1033?
0
What is the ten thousands digit of 32513?
3
What is the hundreds digit of 86894?
8
What is the thousands digit of 12704?
2
What is the thousands digit of 5244?
5
What is the hundreds digit of 3595?
5
What is the thousands digit of 3924?
3
What is the thousands digit of 2988?
2
What is the hundreds digit of 6065?
0
What is the thousands digit of 9110?
9
What is the units digit of 65119?
9
What is the thousands digit of 14937?
4
What is the units digit of 30413?
3
What is the tens digit of 13004?
0
What is the hundreds digit of 3219?
2
What is the units digit of 3476?
6
What is the units digit of 249?
9
What is the units digit of 528?
8
What is the thousands digit of 33595?
3
What is the hundreds digit of 5386?
3
What is the thousands digit of 4454?
4
What is the hundreds digit of 5712?
7
What is the tens digit of 403?
0
What is the ten thousands digit of 76387?
7
What is the units digit of 7577?
7
What is the hundreds digit of 6668?
6
What is the units digit of 334?
4
What is the units digit of 56136?
6
What is the tens digit of 46?
4
What is the units digit of 1155?
5
What is the thousands digit of 8671?
8
What is the thousands digit of 1137?
1
What is the hundreds digit of 196?
1
What is the hundreds digit of 174?
1
What is the tens digit of 37?
3
What is the tens digit of 812?
1
What is the hundreds digit of 764?
7
What is the hundreds digit of 2027?
0
What is the ten thousands digit of 72172?
7
What is the hundreds digit of 5560?
5
What is the tens digit of 77?
7
What is the thousands digit of 16616?
6
What is the units digit of 1120?
0
What is the tens digit of 5077?
7
What is the ten thousands digit of 12663?
1
What is the units digit of 60018?
8
What is the thousands digit of 4839?
4
What is the thousands digit of 1273?
1
What is the units digit of 1287?
7
What is the tens digit of 1437?
3
What is the tens digit of 3988?
8
What is the tens digit of 1310?
1
What is the hundred thousands digit of 112503?
1
What is the hundreds digit of 6606?
6
What is the units digit of 11121?
1
What is the hundreds digit of 4094?
0
What is the tens digit of 1164?
6
What is the hundreds digit of 12569?
5
What is the ten thousands digit of 10736?
1
What is the tens digit of 175?
7
What is the units digit of 900?
0
What is the units digit of 59?
9
What is the thousands digit of 2092?
2
What is the units digit of 127833?
3
What is the units digit of 9639?
9
What is the tens digit of 9242?
4
What is the thousands digit of 17690?
7
What is the hundreds digit of 19567?
5
What is the hundreds digit of 222?
2
What is the ten thousands digit of 40583?
4
What is the hundreds digit of 306?
3
What is the ten thousands digit of 10578?
1
What is the hundreds digit of 24180?
1
What is the tens digit of 1418?
1
What is the hundreds digit of 4558?
5
What is the tens digit of 2783?
8
What is the hundreds digit of 6061?
0
What is the units digit of 75406?
6
What is the units digit of 27974?
4
What is the hundreds digit of 4015?
0
What is the units digit of 13568?
8
What is the ten thousands digit of 11070?
1
What is the hundreds digit of 12582?
5
What is the hundreds digit of 1936?
9
What is the thousands digit of 20452?
0
What is the hundreds digit of 8796?
7
What is the units digit of 30939?
9
What is the hundreds digit of 71489?
4
What is the hundreds digit of 73054?
0
What is the units digit of 313?
3
What is the hundreds digit of 1401?
4
What is the units digit of 9034?
4
What is the tens digit of 2766?
6
What is the ten thousands digit of 12685?
1
What is the units digit of 11?
1
What is the tens digit of 1042?
4
What is the thousands digit of 2048?
2
What is the units digit of 21476?
6
What is the tens digit of 13290?
9
What is the units digit of 9382?
2
What is the hundreds digit of 1044?
0
What is the hundreds digit of 462?
4
What is the units digit of 62726?
6
What is the units digit of 10127?
7
What is the thousands digit of 2092?
2
What is the hundreds digit of 334?
3
What is the tens digit of 2102?
0
What is the thousands digit of 6841?
6
What is the units digit of 3359?
9
What is the units digit of 3586?
6
What is the tens digit of 1574?
7
What is the hundreds digit of 262?
2
What is the thousands digit of 1899?
1
What is the thousands digit of 8195?
8
What is the tens digit of 109967?
6
What is the hundreds digit of 1651?
6
What is the hundreds digit of 85880?
8
What is the ten thousands digit of 39094?
3
What is the units digit of 76?
6
What is the hundreds digit of 24129?
1
What is the units digit of 1536?
6
What is the ten thousands digit of 20790?
2
What is the hundreds digit of 1574?
5
What is the hundreds digit of 10260?
2
What is the thousands digit of 11041?
1
What is the tens digit of 430?
3
What is the units digit of 2618?
8
What is the units digit of 1231?
1
What is the tens digit of 41182?
8
What is the units digit of 143340?
0
What is the ten thousands digit of 28764?
2
What is the hundreds digit of 22183?
1
What is the units digit of 1108?
8
What is the units digit of 3276?
6
What is the thousands digit of 3397?
3
What is the tens digit of 5803?
0
What is the thousands digit of 14212?
4
What is the thousands digit of 8585?
8
What is the tens digit of 5262?
6
What is the hundreds digit of 4553?
5
What is the tens digit of 1566?
6
What is the units digit of 1024?
4
What is the hundreds digit of 355?
3
What is the tens digit of 12891?
9
What is the thousands digit of 115127?
5
What is the units digit of 1196?
6
What is the tens digit of 1191?
9
What is the hundreds digit of 888?
8
What is the units digit of 189?
9
What is the thousands digit of 1012?
1
What is the thousands digit of 1761?
1
What is the thousands digit of 6024?
6
What is the hundreds digit of 1814?
8
What is the hundreds digit of 885?
8
What is the tens digit of 1089?
8
What is the units digit of 14?
4
What is the hundreds digit of 1896?
8
What is the thousands digit of 10311?
0
What is the hundreds digit of 5589?
5
What is the thousands digit of 14158?
4
What is the thousands digit of 30952?
0
What is the units digit of 4300?
0
What is the tens digit of 88361?
6
What is the units digit of 16479?
9
What is the tens digit of 2435?
3
What is the thousands digit of 4324?
4
What is the ten thousands digit of 26177?
2
What is the tens digit of 14760?
6
What is the ten thousands digit of 57144?
5
What is the ten thousands digit of 10243?
1
What is the tens digit of 67?
6
What is the hundreds digit of 327?
3
What is the tens digit of 47068?
6
What is the thousands digit of 74541?
4
What is the tens 